 and 16?
16
Let g(l) be the first derivative of -l**2 - 37*l - 15. Let o be g(-19). Let f = 1 - 0. Calculate the greatest common factor of o and f.
1
Suppose -120 = -6*p + p. Let b = -21 + p. Suppose -b*n + 8 = n. What is the highest common factor of n and 16?
2
Suppose 2569*a - 1300 = 2559*a. Calculate the greatest common factor of 20 and a.
10
Let s(f) = 56*f**2 + 7*f + 2. Let w be s(3). What is the highest common divisor of w and 31?
31
Suppose -83 = -3*z - 23. Suppose 448 = 5*g - 2*c, -3*g - 5*c + 275 = -0*g. Calculate the highest common factor of g and z.
10
Let y be 595/2 + 36/(-24). What is the highest common factor of y and 74?
74
Suppose -3*u = u - 8. Suppose 3*g = 5*x - 272, -u*x + x + 60 = 5*g. Let q = 22 - 11. Calculate the highest common divisor of x and q.
11
Let g be ((-34)/4)/((-3)/12). Suppose -3*t + 468 + 332 = 4*b, 4*t + 3*b - 1076 = 0. What is the highest common divisor of g and t?
34
Suppose 2*u + 10 = 4*k, -2*u + 14 = -5*k + 33. Suppose 2*v - 6 = -5*n + 197, -4*v + 413 = 3*n. Calculate the greatest common factor of v and u.
13
Let v(k) = -12*k + 14. Let n be v(-7). Calculate the greatest common factor of 343 and n.
49
Let n be (-2 - 2/(-4))*-2. Let w = 27 - n. Suppose 17*i - 14*i = 648. What is the highest common factor of i and w?
24
Let q(t) = -93*t - 1157. Let o be q(-13). Calculate the highest common divisor of 3172 and o.
52
Let d = -223 - -245. Calculate the greatest common factor of 286 and d.
22
Let k = -15 + 17. Suppose k = 3*j - 13. Suppose -j*b + 55 + 105 = 0. Calculate the highest common divisor of b and 8.
8
Suppose -k - 111 = 3*p - 464, 2*p - 258 = 5*k. Calculate the highest common factor of 7 and p.
7
Let s be ((-340)/51)/((-8)/(-6) - 2). Suppose -2*n = -3*b - 5 + 115, -4*b - 5*n = -185. What is the greatest common divisor of s and b?
10
Let j(k) = k + 1. Let r be j(12). Suppose -4*g + 6*w + 422 = 8*w, 3*w = 9. What is the highest common divisor of r and g?
13
Let c = 85 + -79. What is the greatest common divisor of c and 66?
6
Let w = -686 - -699. Let j be 914/14 + (-6)/21. What is the highest common factor of w and j?
13
Let z = -448 + 698. What is the highest common factor of z and 60?
10
Let t = -33 + 34. Suppose d + t = 5. Suppose 0 = -d*f - 2*j + 114, 4*f - f - 86 = -2*j. Calculate the greatest common factor of f and 7.
7
Let q be (-3)/(3/(-1)) + (-22)/(-2). What is the highest common divisor of q and 36?
12
Suppose 6 = -0*l + 3*l. Let z(s) = l + 6 + 0*s + 4 - 6*s. Let v be z(-7). What is the greatest common divisor of 36 and v?
18
Let m be 21/14*(-1 - 21/(-9)). Suppose -h + 30 = m*x, x + 21 = h - 0*h. Calculate the highest common factor of h and 6.
6
Let j(v) be the third derivative of v**5/60 + 17*v**4/24 + 5*v**3/3 - 15*v**2. Let k be j(-17). What is the highest common divisor of 25 and k?
5
Let l(r) = 7*r**2 - 83*r + 16. Let g be l(12). Calculate the highest common divisor of 119 and g.
7
Let w = -5 + 7. Let t(b) = 14*b. Let q be t(2). Let m be q/49*(-105)/(-6). Calculate the highest common factor of m and w.
2
Let f be (6 - (-693)/(-35))*-5. What is the highest common divisor of f and 253?
23
Suppose 0 = -4*r, -126 = -2*i + 4*r + 6. What is the greatest common factor of i and 1782?
66
Let o = 45 - 35. What is the greatest common divisor of o and 450?
10
Suppose 28*x - 29*x - 215 = -3*p, 69 = p - 3*x. Calculate the highest common factor of 360 and p.
72
Let x(m) = -m**3 + 22*m**2 + 2*m + 52. Suppose -4*f - 10 = -a, 125 = 4*a + a + 5*f. Let g be x(a). Calculate the greatest common factor of 12 and g.
12
Let v = -33 - -49. Calculate the greatest common divisor of v and 1296.
16
Let v be 3 - (6 + -5)*(-26)/2. What is the highest common factor of 6 and v?
2
Let f(c) = -c**2 + 2*c + 12. Let p be f(5). Let h(g) = -8*g + 9. Let x be h(p). Let u be 178/8 - 2/8. What is the highest common divisor of u and x?
11
Let q(g) = g**3 + 12*g**2 + 16*g - 14. Let w be q(-9). What is the greatest common factor of 17 and w?
17
Let v(s) = -7*s**2 - 36*s + 2. Let k be v(-5). What is the greatest common divisor of k and 6?
1
Let r be (2 - 44)*3/(-6). What is the greatest common divisor of 147 and r?
21
Let a = -416 + 659. What is the greatest common divisor of 6 and a?
3
Suppose 3*w - 5 + 14 = 0, -4*w = -3*s + 255. What is the highest common factor of 837 and s?
27
Suppose 3*k - 8*g = -6*g + 96, -k - 4*g + 46 = 0. Calculate the greatest common divisor of 17 and k.
17
Let d(x) = -x**3 + 12*x**2 - 10*x - 7. Let u be d(11). Let i(a) = 5 + 2*a + 2*a - u. Let h be i(5). What is the greatest common divisor of h and 3?
3
Let s = -23 + 39. Let h = 22 - 18. Suppose 4 = h*c - r, c + 3 = -2*r + 13. Calculate the greatest common divisor of s and c.
2
Suppose 0 = -5*k + 3*l - l + 407, 0 = 4*k - l - 325. Calculate the highest common divisor of k and 1539.
81
Suppose -11*j = -13*j + 66. What is the highest common factor of 3 and j?
3
Suppose -5*a + 3*f = -0*f - 84, -69 = -4*a + 3*f. Let t be (-309)/(-21) + 3 + 38/(-14). What is the highest common divisor of a and t?
15
Suppose -4*f - 4*t = -179 - 725, 0 = -5*f + 2*t + 1123. What is the highest common divisor of f and 90?
45
Suppose 5*m + 305 = 3855. What is the greatest common divisor of m and 71?
71
Suppose 4*v + 98 = -0*b + b, 5*b = 5*v + 565. Calculate the highest common factor of b and 649.
59
Let y(o) = -o + 9. Let a = 108 - 113. Let j be y(a). What is the highest common divisor of 21 and j?
7
Let n = 60 - 33. What is the greatest common factor of n and 63?
9
Suppose s = 2*r + 30, 2*s + 82 + 2 = -5*r. Let c be (-116)/r + 6/8. Calculate the highest common factor of 16 and c.
8
Suppose -20 = -y - 4*k, 3*y = 2*y + 2*k + 2. Suppose -6 = -y*c + 11*c. Let l be c + 5/((-15)/(-36)). Calculate the greatest common divisor of l and 15.
5
Let i = -11 + 12. Suppose w = -i, 2 = -5*n + 4*w + 16. Suppose -3*h + 425 = -c, 2*h - n*c - 290 = -3*c. What is the highest common divisor of h and 13?
13
Let b be (5/1)/(68/1292). What is the highest common factor of b and 380?
95
Let t(i) = -3*i**3 + 4*i**2 - 3*i + 4. Let b be t(-4). What is the greatest common factor of 136 and b?
136
Let g(p) = -3*p + 20. Let a be g(8). Let t be (-198)/a + (-19)/(-38). What is the highest common divisor of t and 10?
10
Let l = 455 - 325. Let p = 202 - l. Calculate the greatest common factor of p and 36.
36
Let j(k) = -56*k - 88. Let d be j(-3). What is the greatest common divisor of 120 and d?
40
Suppose -2*u + 144 = 4*j, -2*j = -4*u + 287 + 1. What is the greatest common factor of u and 120?
24
Let y be (83660/267)/((-12)/9 - -2). What is the highest common factor of 10 and y?
10
Let i = 74 - 26. Let m = -46 + i. Calculate the highest common divisor of 2 and m.
2
Suppose -576 = 8*q - 24*q. Let x be (-7 - 3 - -2)*-3. What is the greatest common factor of x and q?
12
Let i(v) = 37*v - v**3 - 5 - 3*v**2 - 39*v - 1 + 2. Let j be i(-3). Suppose -j*y = -y - 36. What is the highest common factor of 4 and y?
4
Let r be 11/(140/42 - (1 + 2)). Calculate the greatest common factor of 15 and r.
3
Let g(u) = u + 10. Let r be g(-14). Let b be 0 + 1*(72 + r). Calculate the highest common divisor of 17 and b.
17
Let j be (-58)/(-7) - ((-92)/(-28) - 3). Let f = 91 - 35. Calculate the highest common divisor of j and f.
8
Suppose 5*s - 16 = 3*s. Let f = s + 14. Suppose -2*c = -4*x - f, c - 5*x = 29 - 12. What is the highest common divisor of c and 56?
7
Let w(n) = n**3 + 15*n**2 - 2*n - 113. Let f be w(-8). What is the greatest common divisor of f and 189?
27
Let s be ((-3 + 2)/2)/((-3)/6). Let v be -4*(s - (9 - 2)). Calculate the highest common divisor of v and 6.
6
Suppose -4*n + 133 = 3*n. Suppose 54 + 79 = q. What is the highest common factor of n and q?
19
Let j = 454 + -434. Let f = -12 + 42. Calculate the greatest common factor of j and f.
10
Suppose -3*f + c = -1453, -367 = -2*f + 5*c + 606. What is the highest common factor of f and 44?
44
Let i(m) = -6*m**3 - 8*m + 12. Let f be i(5). Let c = -533 - f. Calculate the greatest common divisor of c and 98.
49
Suppose -116 = -2*x + 2*r + 60, -r + 362 = 4*x. Calculate the greatest common divisor of x and 198.
18
Suppose -14*h - 120 = -19*h. Calculate the greatest common divisor of 88 and h.
8
Suppose 17*h = -25*h + 13020. What is the highest common divisor of h and 10?
10
Suppose 